l/(-10))*132/(-15).
21
Suppose u - k = 9, -u + 5*k + 33 = u. Suppose -4*o + 39 = -v, v = -4*o + u*v + 29. Let n(j) = j - 2. Calculate the remainder when o is divided by n(5).
2
Suppose 3*q = 6*q - 5*s - 5, 5*q - 2*s - 2 = 0. Suppose 109 = 4*u - 3*p + 27, 3*u + 3*p - 72 = q. Calculate the remainder when u is divided by (45/(-6))/(-5)*8.
10
Let n(p) = -p. Let m(x) = x + 23. Let l(r) = -r**3 + r**2 + 6. Let c be l(3). What is the remainder when m(c) is divided by n(-3)?
2
Suppose 3*m - h - 217 = h, -5*h - 232 = -3*m. Calculate the remainder when 267 is divided by m.
60
Suppose 15 = 2*f - d, 3*f - 4 = 4*d + 6. Suppose f = 6*b - 68. Calculate the remainder when 37 is divided by b.
11
Let l be (-10 - -10)/(3 + -1). Suppose l = 6*m - 2*m - 44. Let g = -57 - -87. Calculate the remainder when g is divided by m.
8
Suppose -3*d = -f + 11 + 53, 5*f - 334 = d. Calculate the remainder when f is divided by (7 + -17)*54/(-30).
13
Let u(z) = 4*z. Let v = -34 + 38. Suppose 5*x + 8 = 4*x - 3*s, -3*s + 13 = v*x. What is the remainder when x is divided by u(1)?
3
Suppose 18*c - 14*c - 2*q = 4554, 3*c = -q + 3403. What is the remainder when c is divided by 57?
53
Suppose 4*p - 139 - 192 = -5*q, -3*q = 2*p - 199. What is the remainder when 139 is divided by q?
5
Suppose -13 = -5*n + 3*r, 5*n - 2*r - 29 = -3*r. Suppose 0 = n*y - 482 - 363. What is the remainder when y is divided by 43?
40
Let j(y) = -y**3 + 8*y**2 + 11*y - 26. What is the remainder when j(8) is divided by 8?
6
Let m(p) = p**2 - 4*p + 4. Let a = 744 + -743. What is the remainder when a is divided by m(3)?
0
Suppose 30 = 6*u + 6. Let g(k) = -k**3 + 5*k**2 + 8*k - 8. Let i be g(6). Suppose 0*b = i*b - u, w - 18 = -3*b. Calculate the remainder when 57 is divided by w.
12
Suppose -5*i - 10 + 0 = 0, 4*h - 3*i - 10 = 0. Calculate the remainder when 58 is divided by -1 + h + (-60)/(-3).
18
Let x be (-6)/(-3) - 3 - (6 + -6). What is the remainder when x - 0 - 230/(-10) is divided by 9?
4
Let t(u) = 25*u - 27. What is the remainder when 273 is divided by t(2)?
20
Suppose 42*q - 668 = 382. Calculate the remainder when 93 is divided by q.
18
Let g = -1171 + 1206. Calculate the remainder when 452 is divided by g.
32
Suppose 774*o = 779*o - 365. What is the remainder when o is divided by 28?
17
Let w be (-517)/(-99) + 4/(-18). Suppose -40 = -4*y + 2*y + o, -4*o - 97 = -w*y. Calculate the remainder when y is divided by 6.
3
Calculate the remainder when 184 is divided by ((-40)/(-32))/(2/80).
34
Let v = 22 + -20. Let u(q) = 2*q**3 + q**2 - 5*q + 1. What is the remainder when 52 is divided by u(v)?
8
Let o = 553 - 195. Calculate the remainder when o is divided by 30.
28
Let p = -18 - -44. Let w be -5 - -5 - (1 - (-2 + 3)). Let k(o) = -2*o + 15. Calculate the remainder when p is divided by k(w).
11
Let p(f) = 1 - 2*f**3 - 4*f + 0*f**3 + 0*f - 5*f**2 + f. Let n(z) = z**2 - 5*z + 1. What is the remainder when p(-3) is divided by n(6)?
5
Suppose 2*d = 4*a - 18, 0 = -3*d + 4*a - 43 + 6. Let r = -17 - d. What is the remainder when 5 is divided by r?
1
Let i(c) = 2*c**2 + 6*c + 30. Let x = -21 - -38. Let a = -4 + x. Calculate the remainder when i(-5) is divided by a.
11
Let k(o) = -46 + 62 - 5*o - 32. Calculate the remainder when 83 is divided by k(-9).
25
Suppose -9*m = -8*m - 33. Let h = 134 - 114. Calculate the remainder when m is divided by h.
13
Calculate the remainder when 1/(0 + 3) + 73580/849 is divided by 22.
21
Let l(t) = -3*t - 6. Let c be l(-3). Suppose k + c*d - 51 = d, -3*k + d = -174. What is the remainder when k is divided by 20?
17
What is the remainder when ((-22)/(-3))/((-38)/(-399)) is divided by 16?
13
Let i = -272 + 280. What is the remainder when 22 is divided by i?
6
Let b(c) be the third derivative of 6*c**2 - 1/10*c**5 + 5/3*c**3 - 1/120*c**6 + 7/24*c**4 + 0 + 0*c. Calculate the remainder when 19 is divided by b(-7).
9
Let i(f) = -f**3 - 7*f**2 - 1 + 0 + 0 - 13*f. Calculate the remainder when i(-6) is divided by 24.
17
Suppose -2*f + 5*f - k - 4 = 0, 2*k = -f + 6. Suppose -f*x + 56 = 5*x. Calculate the remainder when 51 is divided by x.
3
Let i(c) = 198*c**3 + 17*c**2 - 29*c + 5. What is the remainder when i(2) is divided by 80?
79
Let h(n) = -29*n - 1503. What is the remainder when h(-67) is divided by 213?
14
Calculate the remainder when 57 is divided by (3 + -1)/((-4 - -6)/30).
27
Let r(j) = j + 33. Suppose -49 = 7*l - 217. Calculate the remainder when r(l) is divided by 15.
12
Suppose 3*n + n = q - 289, n = -2*q + 569. What is the remainder when q is divided by 13?
12
Let r be 8 + -5 - 3/(-1). Let q be 12 - (3 - 1) - 0. Let o = q - r. Calculate the remainder when 11 is divided by o.
3
Suppose -5*j + 2*j + 12 = 0. Suppose -f - j = -18. Calculate the remainder when f is divided by 4.
2
What is the remainder when ((-842)/4)/(2/(-4)) is divided by 108?
97
Suppose -40*x - 2*q = -42*x + 176, -4*x - 5*q + 388 = 0. What is the remainder when x is divided by 5?
2
Suppose z = -3*f + 9, 4*z - 28 = 2*z - 4*f. Suppose 26 = 10*u - 11*u. Let k = 39 + u. Calculate the remainder when z is divided by k.
11
Let d = 1295 + -1269. What is the remainder when d is divided by 19?
7
Suppose -1597 + 6297 = 235*j. Suppose 6*f - f = k + 32, k = -3*f + 16. Suppose -z + 53 = -f. Calculate the remainder when z is divided by j.
19
Let x = 1683 - 1637. Calculate the remainder when 94 is divided by x.
2
Let u(p) = p**3 + 8*p**2 + 8. Let j = -19 + 12. Calculate the remainder when u(j) is divided by 20.
17
Suppose 3*j = -0*j + 33. Suppose 4*d - 60 = -0*d. Let q = d - 9. Calculate the remainder when j is divided by q.
5
Suppose -3*u = 4*b - 62 - 12, 0 = 2*u + 2*b - 46. Let p = 84 - 32. Calculate the remainder when p is divided by u.
16
Suppose -5*r + 137 - 9 = -3*y, 2*y = r - 20. Suppose k + 2*k = 0. Suppose 4*x - 5*x + 53 = k. What is the remainder when x is divided by r?
25
Let m(v) = v**2 + 6. What is the remainder when m(-5) is divided by ((-2)/4)/(2/(-9 + -19))?
3
Suppose -17*h + 16*h = -19. What is the remainder when 99 is divided by h?
4
Let m(u) = -11*u - 3. Let v = -502 + 515. What is the remainder when m(-6) is divided by v?
11
Let j(t) = -3*t**2 - 17*t + 8. Let c be j(6). What is the remainder when (2 - 0) + (2 - c) is divided by 52?
50
Let a(c) = 12*c - 26. Let w be a(8). Let r = w + -59. Calculate the remainder when 24 is divided by r.
2
Let s be ((-68)/(-10) - 4)*5. Let b be (-296)/(-56) - 4/s. Suppose -b*l + 466 - 121 = 0. What is the remainder when l is divided by 24?
21
Let y(z) = -z**3 - 31*z**2 - 29*z + 48. Calculate the remainder when y(-30) is divided by 15.
3
Let n(x) = -34*x + 1. Let k = -61 - -65. Let f(z) = 3*z**2 - 9*z + 12. What is the remainder when n(-2) is divided by f(k)?
21
Suppose 105 = 3*m - 4*u - 452, m = 2*u + 185. Calculate the remainder when m is divided by 6.
1
Let s = 20 - 12. Let t(x) = 25*x - 81. Calculate the remainder when t(4) is divided by s.
3
Suppose 4*k = 189 - 25. What is the remainder when 286 is divided by k?
40
Let x(o) = -4*o + o - 2 - 3*o. Let m be x(-6). Suppose -5*b - 4 + m = 0. Calculate the remainder when 10 is divided by b.
4
Let v(y) = 11*y**3 + y**2 - 3*y + 6. Calculate the remainder when v(2) is divided by 78.
14
Let u = 10 + -3. Let o(a) = a**2 - 3*a - 6. Calculate the remainder when u is divided by o(-2).
3
Suppose -5*p = 5*f - 90, -7*f - 100 = -11*f + 3*p. What is the remainder when 288 is divided by f?
2
Let p = 11 - 6. Suppose -6*y + 3*y - 42 = p*a, -2*y = -4*a + 28. Let q = 2 - y. What is the remainder when q is divided by 5?
1
Let f = 591 + -568. What is the remainder when 243 is divided by f?
13
Suppose 2*o = m + 1, 3*o + 2*o = -20. What is the remainder when (-1)/m - (-6465)/135 is divided by 10?
8
Suppose 4*v + 2*n = -v + 44, -n - 33 = -3*v. Let s be (-4)/(-6)*195/v. Let q = -4 + s. Calculate the remainder when 33 is divided by q.
6
Suppose -3*p + 4*n + 101 = 0, -p + 7*n - 2*n = -52. Suppose 18*k - p = 15*k. Calculate the remainder when 60 is divided by k.
6
Let n(m) = -2*m**2 + 2*m + 18. Let t be n(-6). Let c = -64 - t. Calculate the remainder when 11 is divided by c.
1
Suppose -6*g + 21 = -3*g. Suppose 49 = g*l - 49. What is the remainder when 50 is divided by l?
8
Let j(h) = 60*h. Let v = -89 + 111. What is the remainder when j(1) is divided by -1 + -